o(4). Let g be 2/w + 1003/323. Let j(v) be the second derivative of -v**3/6 + v**2/2 - 2*v. Determine j(g).
-2
Let s(f) = -f. Let x be 1 - ((-84)/16 - 3/4). Suppose r + 80 = -x*r. Calculate s(r).
10
Let p(t) = -13*t + 11*t - t**3 - 7*t**2 + 8 + 2*t. Let y(i) = -6*i**3 - 4*i**2 + 2*i + 1. Let h be y(1). Calculate p(h).
8
Let g(x) = x**2 - 10*x + 22. Let b be 38/12 + 36/(-216). Determine g(b).
1
Let w be (-1)/((-4)/3)*4. Let c(y) = y**3 - 3*y**2 + 2. Let r be c(w). Let v(z) be the second derivative of -z**3/2 + z**2/2 + 3*z. What is v(r)?
-5
Let x(h) = -h**2 - 2*h - 1. Let g(k) = -k**2 - 6*k - 15. Let b(q) = g(q) + x(q). Give b(-4).
-16
Let p(r) be the third derivative of -1/8*r**4 - 2*r**2 - 1/2*r**3 + 0*r + 0. Let x = -14 - -12. Determine p(x).
3
Let q(a) = 3*a - 4. Suppose 2*z + 26 = z. Let m = z - -31. Determine q(m).
11
Let n(z) = z**2 - 5*z - 4. Suppose -4*s - 54 = -2*s. Let f = -22 - s. What is n(f)?
-4
Let u(i) = -i**2 - 13*i - 5. Suppose -3*n = -2*t - 12, n + 24 = -t - 2*n. Give u(t).
7
Suppose 0 = -339*w + 335*w - 20. Let k(j) be the second derivative of j**5/20 + 5*j**4/12 - j**3/6 - 2*j**2 + j. Determine k(w).
1
Let n = -251 + 248. Let o(d) = 2*d + 10. Determine o(n).
4
Let b(x) = x. Let c(a) = -a**3 - 2*a**2 - 2*a - 2. Let n(h) = -b(h) - c(h). Suppose 0 = 5*u - 0 + 10. Calculate n(u).
0
Let c(m) = 1 - 7 - 2*m + 4. Let n(g) = g. Let k(j) = -c(j) - 4*n(j). Let i(f) = f**3 - 2*f**2 - 5*f - 9. Let r be i(4). Give k(r).
-4
Let w be 10/(-6)*(-27)/15. Let d(b) = 0 - 9 - 2*b - b**2 + 3*b - w. Calculate d(0).
-12
Let k be (18/(-6))/(2/(-6)). Let g(p) = 6*p - 7*p**2 + k*p**2 - p**2. What is g(-3)?
-9
Suppose 5*a + 3*l - 125 = 0, -2*l + 46 = a + a. Suppose 2*w - 4*x = a, -x - 14 = w + 4*x. Let q(f) = -34*f + f**2 + 67*f + w - 34*f. Give q(0).
6
Let q(m) = 0*m + 0*m + 3 - 4*m**2 + 0*m - 7*m + 2*m**2. What is q(-5)?
-12
Let l(c) = -c**3 + 2*c**2 + 5*c - 3. Let g = 510 + -507. What is l(g)?
3
Let i(z) be the first derivative of 3*z**2 + 1/3*z**3 - 3 + z. Let o(x) = -x + 4. Let s be o(9). Give i(s).
-4
Let p(a) = -5*a + 1. Suppose 3*g + 15 = 0, -3*s - 3*g + 6 = 18. Suppose 3*n + 5 + s = 0. Determine p(n).
11
Let o(k) be the first derivative of k**4/6 + 2*k**3/3 + 27*k**2/2 + 6. Let b(v) be the second derivative of o(v). Determine b(-5).
-16
Let s(f) = -115 + 3*f + 22*f**3 + 6*f**2 - 21*f**3 + 58 + 59. Let y be (3 + -1)*2/(-4). Let g be y + -2*(1 + 1). Give s(g).
12
Let o(n) = -n - 9. Suppose 0 = 7*b - 4*b. What is o(b)?
-9
Let z(d) be the third derivative of d**4/24 + d**3/2 + 170*d**2 + 1. What is z(-7)?
-4
Let w(o) = -o - 2. Let c(q) = -5*q + 1. Let d = -12 - -11. Let f be c(d). Suppose z = -0*z + f. Determine w(z).
-8
Let k(a) be the third derivative of -5*a**4/12 + 5*a**3/6 - 379*a**2 + 2*a. Determine k(3).
-25
Let y(a) = -2*a + 0 + 4 + 1 - 6 + a. Suppose 0 = 5*m - 4*h + 18, h = 2*h + 3. Calculate y(m).
5
Let i(q) = -5*q + 9 - 4*q - 20 + 5*q + 9. Give i(6).
-26
Let n(h) = 19*h - 30. Let b(p) = -6*p + 9. Let q(x) = -7*b(x) - 2*n(x). Determine q(-5).
-23
Let d be -2 + 11 - 6*(-1)/(-2). Let w(z) be the second derivative of z**4/12 - 5*z**3/6 - 3*z**2 - 6*z. What is w(d)?
0
Let y = -38 + 41. Let f(i) = -i**y - 7*i - i**3 + 3*i**2 + 3*i**3 + 9*i. Give f(-3).
-6
Let u be (32/(-20))/(2/(-10)). Suppose 2 = 5*k - u. Let s(w) = 5*w**2 + 4*w - 8. Let j(n) = n**2 + n - 2. Let h(a) = 9*j(a) - 2*s(a). Give h(k).
-4
Suppose 4 = -3*v - 5*p, 0*p + 5*p + 16 = 3*v. Let g(b) = 3 - 25*b**v - b + 0*b + 24*b**2. Calculate g(4).
-17
Let d(o) be the first derivative of o**4/4 + o**3 - 7*o**2/2 - 6*o - 106. Let g be (-5)/1*(-4)/(-5). Calculate d(g).
6
Let h = -967 - -973. Let s(o) = -o**3 + 7*o**2 + o. Determine s(h).
42
Let b(w) = -w**3 - w + 1. Suppose 0*j + 5*j = -5. Suppose p + 2*u = -3*p - 12, u + 4 = 0. Let v = j + p. Calculate b(v).
11
Let h(s) be the third derivative of -1/15*s**5 + 0 - 1/6*s**3 + 0*s - 3*s**2 + 0*s**4. Let w(i) = i**3 - 8*i**2 - i + 7. Let j be w(8). Determine h(j).
-5
Suppose 23*y - 20*y + 6 = 0. Let i(d) = -26*d + 41. Let x(b) = 3 + 1 - 5*b + 4. Let f(h) = y*i(h) + 11*x(h). Calculate f(6).
-12
Let z(b) = -4*b**3 + 4*b**2 + 1200*b + 2*b**3 - 1203*b + 1. Give z(2).
-5
Let l(w) = -w**3 + 4*w**2 + w + 2. Suppose 4*p - 26 = 6. Suppose -2*x - 2*g = -0*x + 8, 0 = 2*g + 10. Suppose -5*z = 3*a + p, 3*a + 4*z + 5 = x. Calculate l(a).
6
Let r = 16 + -14. Let p(y) = -4*y + 2*y**2 - y**r + 0*y**2 + 8 + 11*y. Calculate p(-6).
2
Suppose -2*u = -6*u + 76. Let n = -15 + u. Let z(y) = 3*y**2 - y - 5. Let t(d) = d**2 + d - 1. Let p(j) = 2*t(j) - z(j). What is p(n)?
-1
Let u = -34 + 37. Let j(t) = -1 + 4 + u - 2*t + 8*t - t**2. Calculate j(5).
11
Suppose 4*s - 5 = -3*k, 20*k - 16*k + 2*s = 20. Let d(y) = y**3 - 6*y**2 - 10*y + 15. Calculate d(k).
-6
Let h(j) be the third derivative of -j**6/120 + j**5/12 + j**4/24 + j**2 - 6*j. Let v(p) = p**3 - 9*p**2 - 11*p + 15. Let u be v(10). What is h(u)?
5
Let l(t) = t**3 - 6*t**2 - 2*t - 4. Let w(q) = -q**3 + 7*q**2 + 2*q + 6. Let s(m) = 4*l(m) + 3*w(m). What is s(3)?
-4
Let q(v) = 12*v**3 + 9*v + 5 - 11*v**3 + 1 - 10*v**2. Let u = -156 + 165. Calculate q(u).
6
Let x(j) = j**2 + 5*j + 8. Let p = 4 - 4. Let z be (-48)/168 + 40/(-7) + p. Determine x(z).
14
Suppose 0 = -4*p + p + 9, 0 = -3*k + 5*p - 9. Let j(c) = -c**2 + k*c**2 + 0*c**2 - c - c. Let b be (-5)/10*-1*4. Give j(b).
0
Let o(z) be the second derivative of -z**5/60 - z**4/12 - z**3/3 + 19*z**2/2 - 6*z. Let m(g) be the first derivative of o(g). Determine m(-3).
-5
Suppose 4*b = 7 + 25. Let d(a) = a + 8 + b - 11. Suppose -4*q - 2*f = 8, f + 2 = 4*q - 2. Determine d(q).
5
Suppose -3*a - 4*i = -7*i - 3, 3*a + 1 = -i. Let s(l) = -l**2 - l. Determine s(a).
0
Let b(m) = -5*m + 1. Suppose 3 - 48 = -5*z. Let v be (3 - 9) + z + -5. What is b(v)?
11
Let t(c) = c**3 + 5*c**2 + 2*c + 6. Let s be (-26)/(4/6*-3). Let a(w) = -104 + 47 + 14*w - w**2 + 39. Let l be a(s). Determine t(l).
-4
Let z(r) = -4*r - 96. Let m be z(-25). Let g(x) = 12*x - 1 + 3*x - m*x - 7*x. What is g(-2)?
-9
Let n(o) = 75 - 36 - 35 - o. Suppose 2*l = 7*l - 25. Calculate n(l).
-1
Let u(h) = 2*h + 8. Let d = 72 + -78. Give u(d).
-4
Suppose -5*q - 28 = -13. Let y(i) = -2 + 2 - 1 + 2*i - i**2 + 0*i. Determine y(q).
-16
Let j(n) = 2*n - 2. Let z(f) = 3*f - 9. Let a be z(7). Let d = -10 + a. Suppose -d = 2*g - 6. What is j(g)?
2
Let g(q) = 80*q + q**2 - 7 - 85*q - 2*q**2 + 2*q**2. Determine g(5).
-7
Suppose 0 = -26*d - 19 - 7. Let w(h) = -10*h**2 - 2*h - 2. What is w(d)?
-10
Suppose 6*c + 14*c = 0. Let d = -2 + 5. Let y(w) = 5 - d + c - 2*w + 4. Give y(6).
-6
Let c(f) be the first derivative of -f**3/3 - 9*f**2/2 - 8*f - 100. Calculate c(-7).
6
Let t(x) be the second derivative of x**3/6 + 5*x**2/2 + 161*x. What is t(6)?
11
Let r(m) = -8*m + 4 + 7*m - 2*m. Let f(h) = 2*h - 3. Let o(u) = -7*f(u) - 5*r(u). Let y be o(-4). Let t(i) = i. Give t(y).
-3
Let h(b) = 6*b**3 - 21*b**2 - 6*b + 2. Let o(g) = 5*g**3 - 19*g**2 - 6*g + 2. Let l(z) = 6*h(z) - 7*o(z). What is l(-6)?
-2
Let b(n) = 0*n**3 - n - 3*n**3 + 2*n**3 - 3*n**2. Suppose 5*z + 4*o + 10 = -1, -4*z - 2*o = 4. Let h be (-32)/8 + (2 - z). Give b(h).
3
Let b(j) = -j**2 + 7*j + 10. Let l be (-1 - 4/12)*(-3)/2. Suppose 0 = -2*t + 3*k + 23, l*t - 2*k - 27 = -t. Give b(t).
10
Suppose -4*u = -16, -27 = -3*q - 2*q + 2*u. Let j(n) = -3*n - n**3 - 6 - 2*n - 3*n**2 + 11*n**2 + 4. Determine j(q).
12
Let c(w) = w**3 + 7*w**2 - 11*w - 10. Suppose 2*f + 9 - 31 = 0. Suppose -16 = 4*k + 5*u + f, 2*k = u - 17. Give c(k).
14
Let u(w) = -w**3 - 14*w**2 - 7. Let d(o) = -6*o + 4. Suppose 2 + 7 = 4*n + 3*b, 0 = n + b - 2. Let y be d(n). Let x be u(y). Let c(t) = t + 8. What is c(x)?
1
Let j be (3/(-6))/((-4)/120). Let g(b) = -8*b - 1 + j*b - 2. Give g(2).
11
Let j(b) = -b**3 - 5*b**2 + 8*b + 6. Let v(n) = -2*n**3 - 7*n**2 + 3*n - 10. Let y be v(-4). What is j(y)?
-6
Let h = 0 + -21. Let f be (h/(-14))/(3/(-10)). Let s(v) = -v**3 - 5*v**2 + 3*v + 5. Determine s(f).
-10
Suppose -37*i + 198 = -4*i. Let g(a) = -a**2 + 8*a - 8. What is g(i)?
4
Suppose 0 = 2*i - 4*s - 4, 0*i - 2*s = i + 18. Let g be 12/(1 + 4/i*-1). Let w(v) = v**3 - 9*v**2 + 9*v - 8. Give w(g).
0
Let z(v) = -v + 7. Let t be z(5). Let s(r) = -74 - r**t + 5*r - 76 + 157. What is s(7)?
-7
Let f = -80 - -26. Let u = -